vided by 45?
26
What is the remainder when 165 is divided by 52?
9
What is the remainder when 1293 is divided by 465?
363
Calculate the remainder when 556 is divided by 42.
10
What is the remainder when 7433 is divided by 37?
33
Calculate the remainder when 261 is divided by 75.
36
Calculate the remainder when 136 is divided by 10.
6
What is the remainder when 6469 is divided by 3227?
15
What is the remainder when 77 is divided by 42?
35
Calculate the remainder when 1056 is divided by 288.
192
Calculate the remainder when 136 is divided by 71.
65
Calculate the remainder when 460 is divided by 116.
112
What is the remainder when 2767 is divided by 9?
4
Calculate the remainder when 1009 is divided by 500.
9
What is the remainder when 20 is divided by 11?
9
Calculate the remainder when 167 is divided by 13.
11
What is the remainder when 5043 is divided by 2517?
9
What is the remainder when 3261 is divided by 50?
11
Calculate the remainder when 3560 is divided by 28.
4
What is the remainder when 104 is divided by 19?
9
Calculate the remainder when 1194 is divided by 145.
34
Calculate the remainder when 10671 is divided by 9.
6
What is the remainder when 143 is divided by 22?
11
Calculate the remainder when 1125 is divided by 39.
33
Calculate the remainder when 546 is divided by 546.
0
What is the remainder when 145 is divided by 110?
35
Calculate the remainder when 899 is divided by 194.
123
What is the remainder when 208 is divided by 133?
75
Calculate the remainder when 4703 is divided by 5.
3
What is the remainder when 601 is divided by 11?
7
What is the remainder when 1798 is divided by 897?
4
Calculate the remainder when 2470 is divided by 173.
48
What is the remainder when 1444 is divided by 208?
196
Calculate the remainder when 811 is divided by 262.
25
What is the remainder when 215 is divided by 17?
11
Calculate the remainder when 135 is divided by 122.
13
What is the remainder when 193 is divided by 90?
13
What is the remainder when 43 is divided by 22?
21
What is the remainder when 223 is divided by 14?
13
Calculate the remainder when 2461 is divided by 308.
305
Calculate the remainder when 1045 is divided by 124.
53
Calculate the remainder when 756 is divided by 13.
2
What is the remainder when 100 is divided by 21?
16
Calculate the remainder when 78 is divided by 21.
15
Calculate the remainder when 3676 is divided by 40.
36
Calculate the remainder when 136 is divided by 35.
31
What is the remainder when 132 is divided by 28?
20
What is the remainder when 305 is divided by 22?
19
What is the remainder when 170 is divided by 51?
17
What is the remainder when 10 is divided by 2?
0
What is the remainder when 285 is divided by 47?
3
What is the remainder when 94 is divided by 5?
4
What is the remainder when 194 is divided by 7?
5
Calculate the remainder when 70 is divided by 14.
0
Calculate the remainder when 200 is divided by 12.
8
Calculate the remainder when 275 is divided by 48.
35
Calculate the remainder when 5175 is divided by 8.
7
Calculate the remainder when 601 is divided by 11.
7
What is the remainder when 913 is divided by 410?
93
What is the remainder when 70 is divided by 25?
20
Calculate the remainder when 281 is divided by 30.
11
What is the remainder when 1546 is divided by 194?
188
Calculate the remainder when 31 is divided by 28.
3
What is the remainder when 555 is divided by 40?
35
Calculate the remainder when 731 is divided by 118.
23
Calculate the remainder when 339 is divided by 57.
54
Calculate the remainder when 5363 is divided by 91.
85
What is the remainder when 1155 is divided by 97?
88
Calculate the remainder when 161 is divided by 66.
29
What is the remainder when 6764 is divided by 109?
6
What is the remainder when 600 is divided by 86?
84
What is the remainder when 701 is divided by 26?
25
What is the remainder when 632 is divided by 228?
176
Calculate the remainder when 249 is divided by 47.
14
What is the remainder when 3683 is divided by 25?
8
What is the remainder when 319 is divided by 44?
11
What is the remainder when 6510 is divided by 148?
146
Calculate the remainder when 118 is divided by 15.
13
Calculate the remainder when 91 is divided by 74.
17
Calculate the remainder when 5 is divided by 2.
1
Calculate the remainder when 142 is divided by 46.
4
Calculate the remainder when 214 is divided by 61.
31
What is the remainder when 228 is divided by 81?
66
Calculate the remainder when 1185 is divided by 108.
105
Calculate the remainder when 3828 is divided by 67.
9
Calculate the remainder when 155 is divided by 2.
1
Calculate the remainder when 318 is divided by 23.
19
Calculate the remainder when 164 is divided by 57.
50
What is the remainder when 28 is divided by 12?
4
Calculate the remainder when 699 is divided by 25.
24
Calculate the remainder when 148 is divided by 2.
0
Calculate the remainder when 149 is divided by 22.
17
What is the remainder when 827 is divided by 120?
107
Calculate the remainder when 1795 is divided by 162.
13
What is the remainder when 356 is divided by 7?
6
Calculate the remainder when 448 is divided by 143.
19
Calculate the remainder when 161 is divided by 9.
8
Calculate the remainder when 7129 is divided by 6.
1
What is the remainder when 374 is divided by 37?
4
What is the remainder when 6862 is divided by 13?
11
What is the remainder when 1231 is divided by 122?
11
What is the remainder when 987 is divided by 327?
6
Calculate the remainder when 51 is divided by 6.
3
What is the remainder when 2622 is divided by 41?
39
Calculate the remainder when 247 is divided by 8.
7
Calculate the remainder when 6169 is divided by 11.
9
Calculate the remainder when 40 is divided by 15.
10
Calculate the remainder when 5668 is divided by 63.
61
What is the remainder when 1075 is divided by 19?
11
Calculate the remainder when 51 is divided by 7.
2
What is the remainder when 143 is divided by 16?
15
Calculate the remainder when 305 is divided by 17.
16
What is the remainder when 3564 is divided by 23?
22
Calculate the remainder when 749 is divided by 541.
208
What is the remainder when 105 is divided by 3?
0
Calculate the remainder when 173 is divided by 16.
13
Calculate the remainder when 5690 is divided by 21.
20
What is the remainder when 1217 is divided by 12?
5
What is the remainder when 154 is divided by 12?
10
What is the remainder when 53 is divided by 9?
8
Calculate the remainder when 32 is divided by 20.
12
Calculate the remainder when 237 is divided by 3.
0
What is the remainder when 493 is divided by 83?
78
What is the remainder when 289 is divided by 29?
28
What is the remainder when 181 is divided by 37?
33
What is the remainder when 814 is divided by 62?
8
What is the remainder when 133 is divided by 75?
58
What is the remainder when 70 is divided by 14?
0
Calculate the remainder when 99 is divided by 76.
23
Calculate the remainder when 723 is divided by 91.
86
What is the remainder when 249 is divided by 13?
2
What is the remainder when 776 is divided by 26?
22
Calculate the remainder when 232 is divided by 8.
0
Calculate the remainder when 238 is divided by 40.
38
Calculate the remainder when 67 is divided by 51.
16
Calculate the remainder when 110 is divided by 65.
45
Calculate the remainder when 1020 is divided by 45.
30
What is the remainder when 120 is divided by 14?
8
What is the remainder when 357 is divided by 120?
117
Calculate the remainder when 1419 is divided by 41.
25
What is the remainder when 547 is divided by 507?
40
What is the remainder when 28595 is divided by 8?
3
What is the remainder when 34 is divided by 22?
12
What is the remainder when 227 is divided by 19?
18
What is the remainder when 1888 is divided by 7?
5
Calculate the remainder when 149 is divided by 10.
9
Calculate the remainder when 3364 is divided by 671.
9
Calculate the remainder when 27 is divided by 4.
3
Calculate the remainder when 233 is divided by 42.
23
Calculate the remainder when 714 is divided by 362.
352
Calculate the remainder when 314 is divided by 21.
20
What is the remainder when 75 is divided by 4?
3
Calculate the remainder when 1053 is divided by 5.
3
Calculate the remainder when 929 is divided by 62.
61
Calculate the remainder when 308 is divided by 78.
74
Calculate the